ltiple of 131?
True
Is 229 a factor of 29866638?
True
Does 213 divide 70417800?
True
Is 18 a factor of 18117774?
True
Is 294880040 a multiple of 284?
True
Is 68 a factor of 30339492?
True
Does 382 divide 2108571837?
False
Does 286 divide 75987283?
False
Is 2067 a factor of 18082116?
True
Does 36 divide 25815492?
True
Is 270 a factor of 83354461?
False
Is 12 a factor of 63035580?
True
Is 55532793 a multiple of 34?
False
Is 61118344 a multiple of 3672?
False
Is 289440 a multiple of 41?
False
Is 3167595 a multiple of 129?
True
Does 57 divide 1887203766?
True
Does 55 divide 39130048?
False
Does 80 divide 23270612?
False
Does 304 divide 2757000016?
True
Is 53253138 a multiple of 37?
True
Is 4322 a factor of 580070983?
False
Is 938387903 a multiple of 53?
False
Is 1487655687 a multiple of 497?
True
Does 1277 divide 10404996?
True
Is 524512758 a multiple of 6?
True
Does 303 divide 22919526?
True
Is 564390474 a multiple of 534?
True
Does 57 divide 14103624?
True
Is 35 a factor of 171885316?
False
Is 135224437 a multiple of 1001?
False
Does 14332 divide 1517844792?
True
Is 3935035832 a multiple of 24?
False
Does 820 divide 15841580?
True
Is 174655150 a multiple of 30?
False
Is 309538472 a multiple of 110?
False
Does 39 divide 16388034?
True
Is 2495067288 a multiple of 250?
False
Is 448 a factor of 180457246?
False
Is 195 a factor of 215582055?
True
Does 3167 divide 1798638678?
False
Does 1821 divide 34503589?
False
Is 1480676166 a multiple of 306?
True
Does 397 divide 38437117?
False
Does 253 divide 18915872?
False
Does 1103 divide 42388290?
True
Does 13 divide 4074320725?
False
Is 71434710 a multiple of 1845?
True
Does 223 divide 105239275?
True
Is 12 a factor of 92179766?
False
Is 1500 a factor of 581869727?
False
Does 10 divide 24149446?
False
Does 149 divide 289914515?
True
Is 741223125 a multiple of 421?
True
Is 1699 a factor of 26026981?
True
Is 67484781 a multiple of 333?
True
Does 89 divide 133135752?
False
Does 270 divide 1505709810?
True
Is 39044765 a multiple of 5?
True
Does 2092 divide 62944096?
True
Is 121 a factor of 195020661?
True
Is 2803671987 a multiple of 471?
False
Is 4174 a factor of 359926040?
False
Does 480 divide 495281280?
True
Is 1114 a factor of 3405975906?
True
Is 170978368 a multiple of 11?
True
Does 20 divide 63236176?
False
Is 582 a factor of 5146846578?
True
Is 1163 a factor of 24737231?
False
Does 478 divide 18744132?
False
Is 24 a factor of 223157236?
False
Is 257 a factor of 35609942?
False
Does 739 divide 222773028?
True
Is 174082137 a multiple of 12?
False
Does 1417 divide 585334360?
True
Does 590 divide 30833990?
True
Is 3693360 a multiple of 240?
True
Does 255 divide 9599063?
False
Is 314657136 a multiple of 24?
True
Is 375 a factor of 63588375?
True
Is 4 a factor of 739118450?
False
Is 626510352 a multiple of 44?
False
Is 2121 a factor of 92303887?
False
Is 369 a factor of 66978001?
False
Does 10 divide 23044840?
True
Does 55 divide 1058769789?
False
Is 86 a factor of 88588772?
True
Does 325 divide 1888472?
False
Is 1851063676 a multiple of 209?
True
Is 157 a factor of 85132044?
False
Is 542 a factor of 11858960?
True
Does 1440 divide 125275650?
False
Is 235671740 a multiple of 59?
False
Does 8 divide 30106133?
False
Does 26 divide 14235453?
False
Does 24 divide 1179696024?
True
Is 73 a factor of 5961764?
True
Does 99 divide 536565447?
True
Is 57511914 a multiple of 298?
True
Is 11 a factor of 334176973?
False
Does 2 divide 14209924?
True
Is 2161 a factor of 71196306?
True
Does 27 divide 6621966?
True
Is 158 a factor of 76074411?
False
Does 453 divide 336405528?
False
Is 10291285 a multiple of 3?
False
Is 213208650 a multiple of 75?
True
Does 3 divide 252850011?
True
Is 69 a factor of 30838165?
False
Is 1132 a factor of 100531788?
True
Does 96 divide 352864896?
True
Does 110 divide 292495863?
False
Does 33 divide 435905703?
False
Is 12 a factor of 27164472?
True
Does 689 divide 2211661450?
False
Is 22 a factor of 24303422?
True
Does 67 divide 57357244?
False
Is 38 a factor of 3085676?
True
Is 1091 a factor of 9007631?
False
Does 6102 divide 1095632406?
True
Is 47 a factor of 148944813?
False
Does 85 divide 1857028059?
False
Does 258 divide 547588230?
True
Is 17488233 a multiple of 3119?
True
Is 453 a factor of 5956950?
True
Is 145 a factor of 5180262170?
True
Does 384 divide 18411264?
True
Is 514 a factor of 588801906?
True
Does 333 divide 56693583?
True
Is 46 a factor of 1287402?
True
Is 13 a factor of 17877143?
False
Does 35 divide 222663315?
True
Does 49 divide 48669834?
False
Does 1374 divide 13299635?
False
Is 81 a factor of 3834260979?
False
Is 109892965 a multiple of 158?
False
Is 308623104 a multiple of 348?
True
Is 736325 a multiple of 206?
False
Is 2832984749 a multiple of 13?
False
Is 2336317 even?
False
Is 1269470429 a multiple of 77?
False
Is 17964642 a multiple of 22?
False
Is 1261 a factor of 7066644?
True
Is 154 a factor of 746551960?
True
Is 932 a factor of 109359426?
False
Does 168 divide 602984489?
False
Does 68 divide 190184579?
False
Is 768 a factor of 1412228192?
False
Is 5 a factor of 42148488?
False
Does 216 divide 28035288?
True
Is 1750 a factor of 373791447?
False
Is 222279296 a multiple of 64?
True
Does 133 divide 2039265858?
True
Is 53000592 a multiple of 21?
False
Does 762 divide 8431548?
False
Does 682 divide 297886688?
True
Does 10 divide 4820013?
False
Is 8286568 a multiple of 7?
False
Does 101 divide 68967648?
True
Is 73028630 a multiple of 12?
False
Is 876 a factor of 4560516795?
False
Is 655 a factor of 5877661?
False
Is 69514859 a multiple of 627?
False
Is 128447195 a multiple of 157?
True
Is 251775440 a multiple of 272?
True
Is 308725373 a multiple of 1147?
True
Is 12359685 a multiple of 4?
False
Is 9 a factor of 404648524?
False
Does 760 divide 404795048?
False
Does 779 divide 19403821?
False
Is 64409780 a multiple of 111?
False
Is 85 a factor of 4792215?
True
Does 26 divide 567378158?
False
Is 2990603280 a multiple of 1372?
True
Is 4790906 a multiple of 4?
False
Is 761759096 a multiple of 38?
True
Does 182 divide 1245364545?
False
Is 36 a factor of 23860548?
True
Does 135 divide 799732912?
False
Is 3 a factor of 509578673?
False
Is 111 a factor of 40242495?
True
Is 100448011 a multiple of 11?
False
Is 16549060 a multiple of 67?
False
Is 62613412 a multiple of 65?
False
Does 253 divide 294513758?
True
Is 2995970200 a multiple of 6200?
True
Is 7930 a factor of 1084277273?
False
Does 859 divide 136391161?
True
Is 1059 a factor of 58447108?
False
Is 14 a factor of 22382803?
False
Does 1108 divide 313282568?
True
Is 23 a factor of 586704493?
True
Is 20 a factor of 652537?
False
Is 706 a factor of 89954990?
True
Is 319 a factor of 4443460?
False
Is 4 a factor of 1323420?
True
Is 117 a factor of 1133256438?
False
Is 559104210 a multiple of 735?
True
Is 509 a factor of 20081577?
True
Is 946 a factor of 17153378?
False
Is 115 a factor of 663378136?
False
Is 224218512 a multiple of 1032?
True
Does 8 divide 186587587?
False
Is 14 a factor of 143711078?
True
Does 1851 divide 986658891?
True
Is 75874992 a multiple of 2136?
True
Is 2396 a factor of 4320340313?
False
Does 196 divide 298425863?
False
Is 15 a factor of 1093561064?
False
Does 144 divide 591594192?
True
Is 156075232 a multiple of 136?
True
Does 38 divide 1734025500?
True
Is 68721516 a multiple of 36?
True
Is 1223 a factor of 345074393?
False
Is 2351 a factor of 142409474?
True
Is 89108309 a multiple of 32?
False
Does 119 divide 68764186?
False
Is 80980684 a multiple of 3686?
False
Does 886 divide 6978581?
False
Is 38302939 a multiple of 8?
False
Is 3371042654 a multiple of 2350?
False
Does 1063 divide 924904255?
False
Does 109 divide 205464466?
False
Does 74 divide 13754898?
True
Is 5933 a factor of 11623?
False
Is 15 a factor of 5195789026?
False
Is 71784371 a multiple of 48?
False
Does 1457 divide 710433200?
True
Is 1309 a factor of 97664490?
True
Is 227 a factor of 236741705?
True
Is 22433400 a multiple of 75?
True
Is 620860500 a multiple of 60?
True
Is 200 a factor of 29281725?
False
Is 10718071 a multiple of 68?
False
Does 13 divide 20820533?
False
Is 15 a factor of 151712941?
False
Does 7 divide 319474374?
False
Does 6624 divide 373154960?
False
Is 15 a factor of 628386988?
False
Does 290 divide 244434910?
True
Is 1